*3 - 115*k**2 - 266. What is r(115)?
-266
Let m(i) = -i**3 + 215*i**2 - 7229*i - 6398. What is m(173)?
3
Let a(z) = 12*z**2 + 439*z + 3608. What is a(-12)?
68
Let v(f) = 1312*f**2 - 18*f + 2. Calculate v(0).
2
Let r(l) = 6*l**2 + 258*l - 388. What is r(-43)?
-388
Let n(f) = 3*f**3 - 185*f**2 + 1741*f - 746. What is n(11)?
13
Let v(x) = 22*x**3 - 53*x**2 + 17*x - 2. Give v(3).
166
Let h(s) = 1332*s**2 + 39371*s - 17668. Give h(-30).
2
Let u(p) = -3*p**2 + 23299*p - 441633. Determine u(19).
-35
Let c(y) = 138*y**2 - 10954*y + 41589. What is c(4)?
-19
Let x(d) = 14*d**2 - 61*d - 265. What is x(-4)?
203
Let k(o) = o**2 - 29036*o + 435308. Calculate k(15).
-7
Let k(z) = 11120*z**2 + 222461*z + 1213. Calculate k(-20).
-7
Let k(v) = 2*v**2 + 83*v - 2312. What is k(19)?
-13
Let g(s) = -395*s + 79475. What is g(201)?
80
Let x(i) = i**3 - 136*i**2 + 1557*i - 101009. What is x(130)?
1
Let j(r) = 188335*r + 14501790. Calculate j(-77).
-5
Let d(a) = 101*a**3 + 16*a**2 - 14*a - 29. What is d(2)?
815
Let u(x) = -238*x + 15062. Determine u(59).
1020
Let a(y) = -y**3 + 145*y**2 - 2490*y - 134. Calculate a(20).
66
Let h(g) = -3262*g - 72690. Calculate h(-22).
-926
Let s(c) = 24*c**2 - 4186*c - 4209. Give s(-1).
1
Let b(u) = -u**3 - 36*u**2 + 558*u - 248. Give b(11).
203
Let s(i) = -i**3 - 14*i**2 - 176*i - 427. Calculate s(-3).
2
Let c(i) = -13*i**3 - 5024*i**2 - 2321*i - 1935. Determine c(-386).
-5
Let o(i) = 6*i**2 + 1134*i - 5830. What is o(-194)?
-10
Let l(t) = 119*t**3 + 16*t**2 - 1. Determine l(1).
134
Let f(l) = -5*l**2 + 25*l + 379. Determine f(10).
129
Let d(i) = -23896*i - 119501. What is d(-5)?
-21
Let u(z) = -452*z**2 + 6831*z - 765. What is u(15)?
0
Let h(f) = -86*f**2 - 489*f + 2595. Give h(-9).
30
Let q(o) = o**2 + 884*o - 32088. Calculate q(35).
77
Let o(a) = 2*a**3 + 53*a**2 - 196*a + 234. Give o(-30).
-186
Let z(r) = -2*r**3 - 139*r**2 + 3816*r - 332. Determine z(21).
-17
Let p(i) = 6*i**3 - 76*i**2 - 102*i + 1061. Give p(13).
73
Let q(d) = 1774*d + 24327. What is q(-14)?
-509
Let q(g) = 48*g**3 - 1009*g**2 + 24*g + 22. Calculate q(21).
85
Let j(u) = 1527793*u + 12222346. What is j(-8)?
2
Let b(a) = 836*a - 94832. Give b(111).
-2036
Let j(o) = 1011*o + 4853. Give j(-3).
1820
Let v(d) = -109*d - 6217. Give v(-77).
2176
Let x(y) = 27*y**2 + 15*y - 13. What is x(-3)?
185
Let b(j) = -1504*j**2 - 139871*j + 107. Give b(-93).
14
Let j(t) = -743*t + 115213. Determine j(155).
48
Let k(h) = -2*h**2 - 140*h - 1669. What is k(-57)?
-187
Let i(p) = -3*p**2 + 700*p + 40523. Calculate i(-48).
11
Let i(j) = -j**3 - 117*j**2 + 3729*j + 1589. What is i(-143)?
16
Let h(w) = -w**3 - 9*w**2 + 60*w - 2518. What is h(-19)?
-48
Let q(t) = 15*t**2 + 57*t - 306. Give q(3).
0
Let g(a) = 2*a**2 + 238*a + 4896. What is g(-92)?
-72
Let r(h) = -7*h**2 + 491*h + 16881. Calculate r(-30).
-4149
Let r(d) = -442*d**3 + 448*d**2 - 30*d + 30. Determine r(1).
6
Let w(m) = 637*m + 34555. What is w(-55)?
-480
Let o(r) = -2265*r - 4769. What is o(-2)?
-239
Let j(b) = 194850*b + 28058399. What is j(-144)?
-1
Let s(y) = 59*y**2 + 724*y - 111. Calculate s(-14).
1317
Let v(f) = -21*f**2 + 119*f - 50. Give v(2).
104
Let p(a) = -1044*a - 43851. Determine p(-42).
-3
Let b(l) = -l**2 - 678*l - 20065. What is b(-31)?
-8
Let b(l) = -12*l**2 - 1014*l + 261. Calculate b(-84).
765
Let n(j) = -62*j**3 + 918*j**2 + 203*j + 25. Determine n(15).
370
Let p(c) = 80*c - 1088. Determine p(33).
1552
Let b(l) = 114*l**3 - 244*l**2 - 20*l + 38. Give b(2).
-66
Let r(x) = 6*x**2 - 6764*x - 82025. Give r(-12).
7
Let a(o) = -55*o + 6387. Give a(127).
-598
Let a(y) = -270*y + 40298. Give a(167).
-4792
Let z(u) = -6*u**3 - 14*u**2 + 418*u + 1499. What is z(-4)?
-13
Let v(n) = -24035*n - 1802572. What is v(-75)?
53
Let u(g) = 4*g**2 - 1219*g - 56817. What is u(-41)?
-114
Let w(g) = -29*g**2 + 59*g - 255. Give w(4).
-483
Let o(s) = s**3 - 6*s**2 - 124*s + 866. Calculate o(9).
-7
Let k(j) = -j**3 - 27*j**2 + 864*j + 2430. Determine k(-45).
0
Let w(u) = -191*u**2 + 44313*u - 226. What is w(232)?
6
Let m(c) = 2*c**3 - 96*c**2 + 75*c + 903. Determine m(47).
10
Let i(m) = -m**3 + 202*m**2 - 9998*m - 3081. Give i(88).
-89
Let q(x) = -726*x**2 - 110*x - 111. Determine q(-1).
-727
Let x(l) = 5338*l - 27313. Give x(5).
-623
Let n(p) = -1904*p + 13311. What is n(7)?
-17
Let m(p) = -p**3 - 477*p**2 + 6869*p + 104. Determine m(14).
34
Let q(z) = z**3 - 81*z**2 - 166*z + 860. Calculate q(83).
860
Let t(p) = 83029*p - 996468. What is t(12)?
-120
Let c(o) = 2*o**2 + 1051*o + 44052. What is c(-46)?
-62
Let q(p) = -15592*p + 779572. What is q(50)?
-28
Let s(q) = 20*q**3 - 78*q**2 + 428*q - 702. Determine s(2).
2
Let m(p) = 70*p - 3836. What is m(49)?
-406
Let d(s) = 138009*s + 966097. Give d(-7).
34
Let j(y) = -3*y**3 + 475*y**2 - 162*y + 615. Give j(158).
-17
Let b(x) = 7*x**2 - 78*x + 1480. Give b(15).
1885
Let w(b) = 1438*b - 4529. Determine w(3).
-215
Let x(s) = -s**2 + 160*s + 7925. Determine x(202).
-559
Let n(h) = 1171*h**2 + 91329*h - 708. What is n(-78)?
-6
Let h(d) = -d**3 - 41*d**2 + 131*d + 5509. Determine h(-41).
138
Let k(i) = -5*i**3 - 30*i**2 - 1099*i - 2093. Calculate k(-2).
25
Let p(t) = -t**3 - 146*t**2 + 4852*t + 674289. What is p(-148)?
1
Let u(y) = -y**3 + 32*y**2 - 183*y + 2100. Give u(28).
112
Let i(w) = w**3 + 169*w**2 - 858*w + 709. What is i(-174)?
-1379
Let t(d) = d**3 + 66*d**2 + 345*d - 945. What is t(-60)?
-45
Let a(z) = -2*z**2 - 122*z - 657. Determine a(-6).
3
Let x(a) = 4*a**3 - 34*a**2 + 15*a - 4. Give x(12).
2192
Let b(y) = -33027*y - 16612576. What is b(-503)?
5
Let s(g) = 10*g**3 - 233*g**2 + 119*g - 1135. Determine s(23).
15
Let c(l) = -22*l**3 - l**2 + 152*l + 153. What is c(-1)?
22
Let t(f) = 78*f**2 - 287*f - 684. Give t(5).
-169
Let d(m) = 116*m**2 + 24*m - 21. Give d(2).
491
Let z(d) = -2*d**2 + 1023*d + 11360. Calculate z(-11).
-135
Let z(r) = r**3 - 4*r**2 - 56*r - 15. Determine z(8).
-207
Let t(y) = 147*y**2 - 622*y - 20. What is t(3)?
-563
Let d(l) = 20206*l - 403970. Determine d(20).
150
Let h(i) = i**2 + 640*i + 32647. Calculate h(-56).
-57
Let z(g) = -g**3 - 14*g**2 - 141*g - 729. Give z(-7).
-85
Let q(h) = -12*h**3 + 3454*h**2 + 570*h + 1844. What is q(288)?
116
Let j(a) = -305*a - 161. Give j(-4).
1059
Let b(m) = -m**2 - 69*m + 4. Determine b(-15).
814
Let r(x) = -20*x**2 - 285*x - 1125. Calculate r(-4).
-305
Let z(k) = k**3 - 9*k**2 + 11*k + 28. Determine z(4).
-8
Let m(r) = 2373*r - 85481. Determine m(36).
-53
Let k(l) = 152*l - 5381. Give k(35).
-61
Let g(f) = -f**2 + 404*f + 9798. Calculate g(-23).
-23
Let b(r) = -r**3 + 10*r**2 - 462*r + 5313. Determine b(11).
110
Let t(j) = 12*j**2 + 2233*j - 6568. What is t(-189)?
47
Let x(v) = -2*v**3 - 289*v**2 - 146*v - 276. Give x(-144).
12
Let n(l) = -76*l + 4624. Calculate n(78).
-1304
Let s(z) = 4925*z - 93658. Give s(19).
-83
Let g(o) = o**3 - 43*o**2 - 78*o - 167. What is g(44)?
-1663
Let p(u) = 119*u + 20904. What is p(-205)?
-3491
Let l(d) = -10*d**3 - 29*d**2 - 12*d + 3. What is l(-4)?
227
Let z(w) = 78*w**3 - 632*w**2 + 28*w + 329. What is z(8)?
41
Let a(k) = -5*k**3 - 1433*k**2 - 44029*k + 28. Determine a(-35).
-7
Let w(l) = l**3 + 108*l**2 + 2063*l + 3995. What is w(-84)?
47
Let h(b) = b**3 + 418*b**2 + 18392*b - 240. What is h(-50)?
160
Let o(r) = -8596*r - 103069. What is o(-12)?
83
Let j(g) = 9*g**2 - 2651*g - 7944. Determine j(-3).
90
Let s(h) = 23*h**2 + 916*h - 4200. What is s(-44)?
24
Let v(h) = -h**2 - 1919*h - 37986. What is v(-20)?
-6
Let h(g) = -4506*g - 1153525. What is h(-256)?
11
Let v(s) = 7*s**3 - 704*s**2 - 9806*s - 2817. Determine v(113).
8
Let s(y) = 63*y**2 - 1335*y + 5836. Determine s(15).
-14
Let a(w) = -9063*w + 99696. What is a(11)?
3
Let s(o) = -2*o**2 - 31*o + 210. Determine s(5).
5
Let a(l) = 13*l**2 + 17838*l - 361938. Calculate a(20).
22
Let p(l) = -3779*l - 18160. Calculate p(-4).
-3044
Let c(k) = 7132*k + 6768279. Determine c(-949).
11
Let a(h) = -h**3 + 26*h**2 + 205*h - 6636. Calculate a(20).
-136
Let m(y) = y**3 + 42*y**2 - 706*y + 553. Determine m(-55).
58
Let f(i) = 4*i**3 + 1998*i**2 + 14739*i - 10331. Calculate f(-492).
1
Let y(k) = -k**2 + 78*k + 67131. Give y(-223).
8
Let z(b) = -12*b**2 - 50*b - 222. Determine z(-8).
-590
Let x(v) = v**3 - 34*v**2 - 374*v + 1519. What is x(42)?
-